0
What is 31 - (-2 + 62) - (-2 + -3)?
-24
-377 - -334 - (1 + (-4 - (2 - 3)))
-41
What is -57 + -11 + (-29 - (5 - 8))?
-94
What is (17483 - 17511) + -92 + 1 + -3?
-122
What is 10 + ((-4 - -7 - -1) + 8 - (-159 - -214))?
-33
Calculate (-20 - 5) + (39 - (17 + 33)).
-36
(-2 - -16) + -23 + 8 + -50
-51
Calculate (-16 - -65) + -41 - ((-22 - -21) + 5 + 1).
3
What is the value of (-4 - 1) + (-34 - (4 + -25)) + (15 - 2)?
-5
8 + (-7 - (47 - 8)) + -31 + (-2 - -32)
-39
Calculate -5 + 1 + 18 + -11 - (-77 + 13).
67
What is the value of -1 + (-8 - 2) + (0 + -7 + 22 - -28)?
32
(22 - (-3 + 46 - 1)) + 35 + -32
-17
42 - ((-4 - (-9 + (26 - 18))) + 3 + -4)
46
Calculate -81 - -46 - -56 - 45.
-24
Calculate 51 - (32 - (3 + 39) - (-4 - -10)).
67
Calculate -12 + 12 - (8 + 10 + -30).
12
Calculate 70 + -78 + -5 + (4 - (3 + -143) - -1).
132
What is 90 - (156 + -144 + 61)?
17
Evaluate -251 - ((-11 - -52) + -144).
-148
-79 + 39 + 19 + 35
14
What is 85 + -62 + 36 + (6 - 8)?
57
Evaluate (-6 + 58 - (3 + 7 + 0)) + (-14 - -9).
37
Calculate -10 + 8 + (-12 - 22).
-36
Calculate 6 + -31 + 31 - (-9 + 8 + (-17 - 2)).
26
3 + 26 + 21 + -22 - (-1 - 1)
30
Evaluate 11 + 0 - (-69 - (-24 - 34)).
22
Evaluate 66 + 225 + -237 + 25 + 2.
81
What is 124 + -29 + (59 - 86)?
68
Calculate -2 - (-7 + -1 + -6) - (120 + -10 - 19).
-79
What is the value of (126 - 24) + -46 + 83?
139
What is 67 + -75 + -2 + -56 + 25 + -15 + 3?
-53
Calculate (-32 + 68 - (2 + 7)) + (-9 - (-10 + -4)).
32
Calculate 24 - -8 - (-144 + 164) - (34 + 1).
-23
(-4 - 3) + -50 - (-23 + 3 + 21)
-58
What is the value of -20 - (28 + (0 - (-13 + 37)))?
-24
What is the value of 8 - ((-11 - -2) + 9) - (27 - 69)?
50
Evaluate (2 - 0) + (-2404 - -2424) + -7 + -1 + -1.
13
82 + -42 - (25 + -21)
36
Calculate -14 + (56 + 11 - (-4 - (-25 + 9))).
41
What is 12 + (12 - -8) + -18 + -29?
-15
What is 20 + (107 - 101) - (2 - 16)?
40
What is -49 + (-32 + -3 - (-18 + -2) - -20)?
-44
What is the value of (-43 - -96) + (-6 - 18)?
29
Evaluate -240 + 252 + -15 + 0 - (-2 + -50).
49
Evaluate -1 - 95 - (29 + 1 + -44 + -2).
-80
What is the value of -46 + (76 - 37) - (-2 - (3 + -3 - -97))?
92
Calculate (-53 - -35) + -12 + -34 + (0 - -18).
-46
(-18 - (-4 - (8 - (-1 + 5 + -6)))) + 5
1
9 + (-17 - -24) - 8 - -35
43
What is -10 + 11 + -4 + -5 - -14?
6
Calculate 10 - 22 - -34 - (1 - 10 - -1).
30
What is 1 + -12 + 46 + -63 - (-7 - -12)?
-33
Evaluate (-8 - -15) + -10 + (6 - 1) - 23.
-21
What is the value of (-102 + -55 - -215) + -1 + 7 + 4?
68
Evaluate -69 - 0 - (1858 + -1915).
-12
6940 + -6929 + (48 + 3 - 0)
62
What is the value of (-26 - 23) + (94 - (6 - 59))?
98
1 + (-4 - -19) + (4 - -93) + -61
52
Evaluate 0 + 42 + -111 + 27 + 10.
-32
Evaluate (3 - (20 + -37 + 18)) + -8.
-6
What is 210 - 57 - 6 - 67?
80
What is (-176 - 4) + -501 + 585?
-96
(1 - -44) + -3 + 10 + (-316 - -305)
41
What is the value of (78 - ((0 - -1) + 23)) + -16?
38
What is the value of 85 - 13 - (-170 + 210)?
32
What is (-93 + 87 - (-44 - -1)) + 40?
77
-7 + -2 + 70 + 9 + 83 + -102
51
What is (161 - 166) + 39 - (-13 - 0 - -2 - -2)?
43
Evaluate -101 + (-2 - -66) - (1 - 4).
-34
What is 0 + -9 + -30 + 20 - -18?
-1
What is (27 + 0 - (108 - 94)) + (-106 - -2)?
-91
What is the value of 199 - 255 - (2 - 37)?
-21
Evaluate -175 + (260 - 158) + 105.
32
Evaluate -8 - 1 - ((-822 - -848) + -14 + -1 + 1).
-21
What is the value of (-12 - -2) + 4 + -52 + -37 + 47?
-48
What is -31 + (130 - ((-44 - -17) + 50))?
76
What is the value of 2 + -16 + 14 + (6 - (-3 - -8) - 43)?
-42
Calculate 49 + -91 - -36 - 2.
-8
Evaluate 0 - 3 - ((-89 - -27) + 102 + (7 - 1)).
-49
What is 2 + 84 - (-5 + (-9 - -45) + -140 + 123)?
72
Calculate (39 - (34 - 4)) + 21 + -83.
-53
Evaluate (6 - 4 - (-9 + -13)) + (-3 - -18).
39
What is -8 + (47 - (4 - 7)) - (31 - 21)?
32
(8 - -1) + (-100 - -2) + 23 + -20 + -23
-109
What is 5 + (21 - (-2 - -7)) + (-38 - -2)?
-15
(3 - 59) + (-23 - (18 + 1 + -22) - -16)
-60
Evaluate (-2 - -7) + 2 + -4 + 76 - (-9 - -17).
71
4 + -48 - ((-101 - -4) + 96)
-43
Calculate 674 + -685 + -38 + -6.
-55
Calculate -1 + -25 + 98 + -32.
40
What is the value of -22 + 30 + 23 + -23 + -67?
-59
What is (-9 - (-4 + -7)) + 2 + -19 + 45?
30
(-92 - 1) + -3662 + 3608 + (38 - -2)
-107
What is the value of -356 + 380 - ((25 - (-7 + 5)) + -7)?
4
What is the value of -1125 - -1205 - (-4 + -2 + -17)?
103
Calculate -7 + (7 - 39) - 20.
-59
What is the value of -101 - (-13 - 24) - (-35 + 24)?
-53
Calculate 4 - (44 - (-15 + 18)).
-37
What is the value of -42 + -17 + (12 - 11) + (11 - (1 - 2))?
-46
Evaluate -35 + 0 - (146 - (63 - -70)).
-48
Calculate (1 - (84 - 2)) + -57 + (106 - 36).
-68
What is 23 + -10 + 9 + -6 - (6 + 88)?
-78
Evaluate 13558 - 13716 - (-117 - -1).
-42
Calculate -2 - 25 - (-22 + (-5 - 15) + 37).
-22
Evaluate (-67 - -83) + -27 - -20.
9
-1 + -2 + 3 + 2 + (-9 + -14 - -116)
95
Evaluate 16 + 1 + (19 - 24 - 7).
5
Evaluate 24 + -21 + -15 + 11 + 57.
56
What is -1 + -18 + 2 + (68 + 14 - 123)?
-58
1 - (-88 - (-245 + 44))
-112
(67 - -18 - 57) + -49
-21
Calculate (-57 - (1 + (9 - -9))) + 2 + 7 + 6.
-61
What is the value of -16 - -13 - (169 + -163)?
-9
Calculate -115 + 159 + (2 - (4 - (-2 - 5))).
35
Calculate (0 + -11 - ((-7 - -42) + 0)) + (1 - 12).
-57
Evaluate 44 + (-4 - 1 - (-355 - -308)).
86
Evaluate 906 + -852 + (-25 - 1).
28
Evaluate (1 + 31 - (-452 + 449)) + -14.
21
(46 - -12) + 1 + (7 - 20) + 2
48
What is -25 + (70 - 66) - (-2 + 23)?
-42
What is 51 - (29 - (-13 + -18))?
-9
What is 16 + -2 + -44 + 25 + 49?
44
What is (-10 - (-12 - (-14 + 4) - 4)) + (-4 - 5)?
-13
What is 85 + (26 - 90) + -76?
-55
Evaluate 65 - (-93 - -190) - -50.
18
What is the value of 24 + 27 + -31 + -67?
-47
-16 + -2 + 5 - (3 - (57 + -23))
18
Evaluate -15 - (-42 - -92 - 22).
-43
-9 - (-55 + -16 + 55)
7
What is the value of 12 + -1 + 8 + (13 - (11 - 7)) + -3?
25
What is the value of 55 + (89 - 84 - ((16 - 0) + -2) - -6)?
52
What is (52 - -4 - -4) + -2 + 7 + (-143 - -153)?
75
What is (-86 - -86) + -22 + 35?
13
What is -2 + 0 - 15 - (3616 + -3609)?
-24
What is 42 - (5 + (16 - 26 - (0 - 3)))?
44
What is -10 + 33 - -3 - (-28 - -10)?
44
What is the value of -5 + 17 + -84 + (20 - 31) - 3?
-86
17 - (-68 - 2 - (-771 + 732))
48
What is the value of 36 - (-10 + -7 + 35) - (-11 + -21)?
50
Evaluate (15 - -68) + 9 + -30 + 12.
74
Calculate -1 + -7 + (4 - (2 - -4 - 17)) - -14.
21
What is the value of (14 - (17 - (34 - 21))) + (-9 - 4)?
-3
-2 + 6 + -8 + -2 + -4 + 4 + 62
56
What is (16 - 3 - 5 - (2 - 4)) + (5 - 34)?
-19
Calculate 3653 + -3649 - (6 - (2 + 1 + -2)).
-1
Calculate -108 - (8 - 13) - (5 - (-16 + (-1 - -6))).
-119
Calculate 84 + 2 + 234 + -261.
59
-47 + 7 + 1 + (-452 - -551)
60
Calculate -38 + (11 - 11) + (0 - 17).
-55
Calculate -15 + (-3 - -15 - (1 + -3)) - -29.
28
Evaluate (-9 - 1 - (8 - 7 - 7 - -6)) + 54.
44
Calculate (60 - (-9 - (-24 - -36))) + 4 + -17.
68
Evaluate -39 + (11 + -4 - -6 - (18 - (-9 + 20))).
-33
(-83 - -85) + (-24 - -41)
19
Evaluate (-2 - -22) + -13 + (-6 - -1) + -65 - -2.
-61
Evaluate 63 - (63 - (-28 + 36)).
8
Calculate -31 - (39 + -33) - -31.
-6
What is the value of 93 + -35 + -17 + 0 - 26?
15
What is the value of -25 + 2 + -658 + 637 + (-18 - -2)?
-60
Calculate 0 - (-30 + 42 - (1 - (-35 - -5))).
19
What is the value of 13 + -12 - -11 - (4 - 12)?
20
Calculate -46 - (25 + -133 - -37).
25
Evaluate 15 + 3 + -6 + (15 - -35) + -29.
33
Evaluate -55 - (-6 - (10 + 3 + -21 + (-2 - 7))).
-66
Evaluate 26 - 12 - -18 - (1 - (7 + -7 + 3)).
34
What is 58 - (-84 + (42 - -166))?
-66
What is -29 + 16 - -20 - (-64 + 24)?
47
What is the value of 12 + 13 + (5 + 1 - (11 + -8)) + 8?
36
-80 - ((-64 - -39) + 0)
-55
What is the value of 1484 - 1522 - (2 - 7 - (4 - 6))?
-35
Calculate (6 - -3 - 1 - 105) + -23 + 33.
-87
Calculate (93 - (80 + 116)) + 62.
-41
41 - (34 + -49 + 91)
-35
Calculate 0 + -79 + 68 + 49.
38
What is 6 + -11 - (-6 - 58 - -15 - -12)?
32
What is (-44 - -51) + 5 + -17 + -46?
-51
What is the value of (36 - 8) + 7 + (-8 + 18 - 10)?
35
Evaluate -33 + (-4 - -8) - 0 - (-9 - (-40 - -39)).
-21
What is 20 - ((65 - 16) + -5 + -8)?
-16
Evaluate -74 - ((-35 - -61) + -126).
26
What is (21 + 23 - 18) + 15 + -35?
6
Evaluate -19 + -15 + (0 - 20) - 16.
-70
What is -2 - (2 + 7) - (78 - (42 + 25)) - -10?
-12
Evaluate -65 - (2 + -63 - -38).
-42
-1 + 5 + (-14 - -6) + -9 + (-27 - -38)
-2
What 